- 17/17?
2, 3, 5
Let s be (2/3)/(2/(-12)*-1). Suppose -s*r - p = -517, -5*r + 294 = -p - 359. What are the prime factors of r?
2, 5, 13
Suppose -3*v = -4*u + 5, -2*u = -3*v + 4 + 1. Let z be (-274)/(-3) + (-2)/(-3). Suppose u*b - p = z, b + 5*p = -b + 26. What are the prime factors of b?
2, 3
What are the prime factors of (3 - (-9 + 3))*(-330)/(-9)?
2, 3, 5, 11
Let d(v) = v - 6. Let y be d(6). What are the prime factors of y - (0 + 1) - -3?
2
Let u(r) = r. Let m be u(5). Suppose b - 39 = m*h, -46 = -b - 0*h - 2*h. What are the prime factors of b?
2, 11
Suppose -9 + 0 = z + 2*u, z + 5*u + 9 = 0. Let c(s) = s**2 + 9*s - 5. Let a be c(z). List the prime factors of (-3 - a/2)*-16.
2
Let a(o) = -5*o + 10*o**2 + 3*o + o**3 - 5*o - 12 - 6. What are the prime factors of a(-9)?
2, 3, 7
Let k(l) be the first derivative of -9*l**2/2 + 4*l + 1. Let n be 63/7*(-2)/6. What are the prime factors of k(n)?
31
Let s = 1462 - 315. List the prime factors of s.
31, 37
Let j(t) = 22 + 32 - 6 - 5 - 5*t. What are the prime factors of j(-18)?
7, 19
Suppose -3*l + 1355 = -157. List the prime factors of l.
2, 3, 7
Suppose 8*t = 3*t + 20. Let y = t - 23. What are the prime factors of 1 - (y - (-7 - -4))?
17
Suppose -4*t - s + 3 = -10, 3*s - 3 = 0. Let f(h) = -53*h - 2. Let x be f(-2). Suppose 5*m = 3*j - x, j - 127 = -t*j - 5*m. What are the prime factors of j?
3, 11
Let h = 439 - 1047. What are the prime factors of h/(-4) - 2/(-2)?
3, 17
Suppose -4*t = -6 + 30. Let z be -1 - (t - (-3)/(-3)). Suppose 0 = -x + z + 22. List the prime factors of x.
2, 7
Let n(j) = -j**2 + 34*j - 68. What are the prime factors of n(30)?
2, 13
Let x = 2627 - 1857. What are the prime factors of x?
2, 5, 7, 11
Suppose d - 3*d + 10 = 0. What are the prime factors of (-4)/d + 395/25?
3, 5
Suppose 12089 = 3*m - 5*w, 2*w - 1611 + 9677 = 2*m. List the prime factors of m.
2, 3, 673
Let u = -6 + 0. Let a(k) = 5*k**2 + 9*k + 7. What are the prime factors of a(u)?
7, 19
Let q(m) = -3*m - 4. Let i be q(-3). Suppose -i*c - 2 = -4*c. List the prime factors of (-3)/(-2)*c - -18.
3, 5
Let q = 20 - 33. Let r = q - -24. List the prime factors of r.
11
Suppose 0 = 3*k - 4*x - 508, -2*x + 158 = 2*k - 204. What are the prime factors of k?
2, 11
Let t be (-6)/4 - (-114)/12. Let m be t/(-4)*3/(-2). What are the prime factors of (-120)/(-5) - m/1?
3, 7
Let c(w) = -w**3 + 38*w**2 - 43*w - 305. What are the prime factors of c(36)?
739
Suppose 1181 = -6*i + 3197. Let a = -138 + i. What are the prime factors of a?
2, 3, 11
Let d(y) = y**3 + y. Let z be d(0). Suppose 0 = -3*l - 4*t + 118, z = -l - t - 29 + 68. Suppose l - 1 = o. What are the prime factors of o?
37
Suppose -22 + 33 = l. Let j be (0 + -1)*1/1. Let k = l - j. What are the prime factors of k?
2, 3
Let y = -916 - -977. List the prime factors of y.
61
Let d(g) = 2*g - 2*g + 7 - 2*g - 4. Let r be d(-7). List the prime factors of r - ((-2)/2 + 1).
17
Let g = -36 - -37. List the prime factors of (-6)/(-2) - g - -111.
113
Suppose 21*f - 12140 = 11*f. What are the prime factors of f?
2, 607
What are the prime factors of 1*(3025 - (40/(-5) - -15))?
2, 3, 503
Suppose -1514 = 11*t - 8565. What are the prime factors of t?
641
Suppose -28 = -0*a + 2*a. Let v = 17 + a. List the prime factors of 16/v*(-12)/(-4).
2
Let m(f) = 6*f**3 - 4*f**2 - 21*f - 46. List the prime factors of m(9).
5, 7, 109
Suppose 16*u - 119 = 9*u. What are the prime factors of u?
17
Suppose -29*b - 21*b + 41500 = 0. List the prime factors of b.
2, 5, 83
What are the prime factors of (-3139)/(-1) - 204/51?
3, 5, 11, 19
Let x = 341 - 18. List the prime factors of x.
17, 19
Let x be 13 + -10 - (5 + -1). What are the prime factors of x/((3/1)/(-78))?
2, 13
Let r be (-4)/(-3) + (-4)/12. What are the prime factors of (0 - r)/((-5)/175)?
5, 7
Suppose 0*a = -4*a + b + 90, -b = -5*a + 112. Let i = -14 + a. What are the prime factors of 7/(14/i) + 46?
2, 5
Let j be ((-7)/2 - -6)*4/2. Suppose j*t - 162 = 153. List the prime factors of t.
3, 7
Let k(f) be the second derivative of f**5/20 - f**3/3 + 2*f**2 + 4*f. Let x be k(0). Suppose g + x = 0, -p - 39 = -4*p - 3*g. What are the prime factors of p?
17
Suppose -2*x + 5 = y, x + 15 = -0*x + 3*y. Suppose x = -5*w + 133 + 27. Suppose 7*p - w = 143. What are the prime factors of p?
5
Let y(v) = 12*v + 3. Let h be ((-2)/(-4) + -1)/((-1)/2). What are the prime factors of y(h)?
3, 5
Let a be -327*(-1 + 0) - 4. Let v = a + -218. What are the prime factors of v?
3, 5, 7
Let r = 12 + -12. Suppose -51 = -z + 5*t, -2*t + r = 10. Suppose -6*m - z = -8*m. List the prime factors of m.
13
Suppose -4*k - 3*l + 164 = 0, -4*k - 4*l - l = -172. Let n = 97 - k. List the prime factors of n.
59
Suppose 3*c - 1758 = -3*v, -c - 1766 = -2*v - v. What are the prime factors of v?
2, 3, 7
Suppose -3*k - 8 = a - 40, -2*a + 42 = 4*k. Let f = 15 - k. List the prime factors of (-126)/f*4/(-6).
3, 7
Let n = 15 + 105. What are the prime factors of n?
2, 3, 5
Let y = 0 + -8. Let u(k) = k + 11. Let j be u(y). Let h = j + 12. List the prime factors of h.
3, 5
Let p be 4/1 + 1*-2. What are the prime factors of (1 - p)*92/(-4)?
23
Let i be -20*((-6)/33 - (-27)/(-33)). Suppose 0 = -i*k + 16*k + 592. What are the prime factors of k?
2, 37
Let l = 56 - 68. List the prime factors of (-694)/l + (1 + 0)/6.
2, 29
Let f = -13 + 17. Suppose 32 = f*g - k + 3*k, -5*g = -k - 26. Let h(q) = -q**3 + 7*q**2 - 5*q + 3. List the prime factors of h(g).
3
Suppose -5*i + 2*x + 29 = 0, -i - 4*x - 5 = -2. Suppose 0 = -0*a - 2*a + 8, -2*j - 8 = -i*a. What are the prime factors of j?
2, 3
Let c be 1 + (-8)/(16/(-78)). Suppose g = c + 31. List the prime factors of g.
71
Let g be ((-2)/6)/(3 - 365/120). Let s(h) = -5 + h**3 + 2*h - 11*h - 6*h**2 + 0*h**3. What are the prime factors of s(g)?
3, 17
Let b(v) = -v - 2. Suppose l - 13 = 5*y, -4*y - 5 = -3*l + 1. Let t be b(l). What are the prime factors of t/(-1) + 42*1?
2, 3, 7
Suppose 20*f = o + 23*f - 1487, -2*f = 2*o - 2974. List the prime factors of o.
1487
Let o = -1892 + 3222. List the prime factors of o.
2, 5, 7, 19
What are the prime factors of (5 - 10)*(2 - 3459/15)?
3, 127
Let v = 32 + -16. Let d be (v/10)/(8/20). List the prime factors of ((-42)/9)/(d/(-42)).
7
Suppose 0 = -2*j + 5*k - 175, -5*j + k = -79 + 574. Let y = 132 + j. List the prime factors of y.
2
Suppose 4*g - g - 402 = 0. Suppose 5*h - g = 136. Suppose c + c = h. List the prime factors of c.
3
Suppose 4*z = -3*i + 147, -2*i + 46 + 52 = 2*z. Let o = i + -29. What are the prime factors of o?
2, 5
Let h = -934 - -1437. What are the prime factors of h?
503
Suppose 12*d = 1200 + 15864. What are the prime factors of d?
2, 3, 79
Suppose -5*y + 4*r = -134, 0 = -3*y - 7*r + 3*r + 106. Suppose -3*o + y = g, -5*g = o - 2*o - 70. List the prime factors of (-440)/g*18/(-8).
2, 3, 11
Suppose 0 = -2*w + 3*q - 8, -2*w - 3*q = -9 + 17. Let n = 43 + -23. Let c = w + n. What are the prime factors of c?
2
Let w = 301 - 173. Suppose -6*f + w = -2*f. Let d = -6 + f. List the prime factors of d.
2, 13
Suppose -3*a - 5*l + 6547 = -4144, -5*l = -3*a + 10711. List the prime factors of a.
3, 29, 41
Let d be ((-4)/1)/(-5 + (-282)/(-54)). List the prime factors of (-4)/18 + (-2398)/d.
7, 19
Suppose 5*s - 476 = 4*s. List the prime factors of s.
2, 7, 17
Let w(u) = -u + 2. Let t be w(-8). Let q = t + -5. Suppose z - 124 = -4*z + 3*r, -q*z = 3*r - 106. What are the prime factors of z?
23
Suppose 209 = -5*y + 16*y. Suppose v - y = 202. What are the prime factors of v?
13, 17
Let y = 40 + -78. Let p = -11 - y. List the prime factors of p.
3
Suppose -10 = 2*o - 18. Suppose -3*a + 69 = b - 128, o*a - 261 = -3*b. List the prime factors of a.
2, 3, 11
Suppose -253 + 1683 = 2*h - 3*x, -2*x = -4*h + 2844. What are the prime factors of h?
709
Let g = 190 + -148. Suppose 0*y + 5*y = 380. Let w = y - g. List the prime factors of w.
2, 17
Let g(z) be the first derivative of -17*z**2/2 + 57*z + 27. List the prime factors of g(-14).
5, 59
Let h be 2/(-9) + (-74)/(-9). Let f = h - -35. What are the prime factors of f?
43
Let s be 3/8 + (-2938)/(-16). Suppose -31 = 4*j - 3*g - s, 129 = 4*j + 5*g. What are the prime factors of j?
2, 3
Suppose -3*n - 246 + 816 = 0. Suppose m - 6*m + n = 0. What are the prime factors of m?
2, 19
Let g be (-134)/(-3) 